{"id":101,"date":"2026-04-21T08:56:30","date_gmt":"2026-04-21T08:56:30","guid":{"rendered":"https:\/\/shafak.fr\/?page_id=101"},"modified":"2026-04-25T21:04:09","modified_gmt":"2026-04-25T21:04:09","slug":"projets-exploratoires","status":"publish","type":"page","link":"https:\/\/shafak.fr\/?page_id=101","title":{"rendered":"Projets exploratoires"},"content":{"rendered":"\n<div style=\"height:34px\" aria-hidden=\"true\" class=\"wp-block-spacer\"><\/div>\n\n\n\n<div class=\"wp-block-group alignwide has-theme-palette-8-background-color has-background\"><div class=\"wp-block-group__inner-container is-layout-constrained wp-block-group-is-layout-constrained\">\n<h3 class=\"wp-block-heading has-text-align-center\">Point de vue<\/h3>\n\n\n\n<div class=\"wp-block-group alignwide has-theme-palette-8-background-color has-background\"><div class=\"wp-block-group__inner-container is-layout-constrained wp-block-group-is-layout-constrained\">\n<h4 class=\"wp-block-heading alignwide has-text-align-center\">Projet chor\u00e9graphique participatif &amp; itin\u00e9rant | 2023-2027<\/h4>\n\n\n\n<div class=\"wp-block-group alignwide\"><div class=\"wp-block-group__inner-container is-layout-constrained wp-block-group-is-layout-constrained\">\n<div class=\"wp-block-group alignwide\"><div class=\"wp-block-group__inner-container is-layout-constrained wp-block-group-is-layout-constrained\">\n<div class=\"wp-block-group alignwide\"><div class=\"wp-block-group__inner-container is-layout-constrained wp-block-group-is-layout-constrained\">\n<div class=\"wp-block-group alignwide\"><div class=\"wp-block-group__inner-container is-layout-constrained wp-block-group-is-layout-constrained\">\n<div class=\"wp-block-group alignwide\"><div class=\"wp-block-group__inner-container is-layout-constrained wp-block-group-is-layout-constrained\">\n<div style=\"height:24px\" aria-hidden=\"true\" class=\"wp-block-spacer\"><\/div>\n\n\n\n<div class=\"wp-block-media-text alignwide has-media-on-the-right is-stacked-on-mobile is-image-fill-element has-superbfont-medium-font-size\" style=\"border-top-left-radius:0px;border-top-right-radius:0px;border-bottom-left-radius:0px;border-bottom-right-radius:0px;margin-top:0;margin-right:0;margin-bottom:0;margin-left:0;padding-right:0;padding-left:0\"><div class=\"wp-block-media-text__content\">\n<blockquote class=\"wp-block-quote has-superbfont-small-font-size is-layout-flow wp-block-quote-is-layout-flow\">\n<div class=\"wp-block-columns is-layout-flex wp-container-core-columns-is-layout-9d6595d7 wp-block-columns-is-layout-flex\">\n<div class=\"wp-block-column is-layout-flow wp-block-column-is-layout-flow\" style=\"flex-basis:50%\">\n<p><span class=\"has-superb-addons-text-align-justify\"><em>Et si regarder l\u2019autre changeait notre mani\u00e8re d\u2019habiter l\u2019espace ?<\/em><br><em>Dans Point de vue, des corps apparaissent, circulent, se croisent et se transforment dans une dynamique orbitale.<\/em><br><em>Ils gravitent les uns autour des autres, tracent des trajectoires et redessinent en permanence les lignes de l\u2019espace.<\/em><br><em>Pens\u00e9e pour l\u2019espace public, la pi\u00e8ce invite le public \u00e0 observer, se d\u00e9placer et changer de perspective.<\/em><\/span><\/p>\n<\/div>\n\n\n\n<div class=\"wp-block-column is-layout-flow wp-block-column-is-layout-flow\" style=\"flex-basis:50%\">\n<p><em><span class=\"has-superb-addons-text-align-justify\"><em>Entre mouvements collectifs et pr\u00e9sences singuli\u00e8res, les interpr\u00e8tes composent un paysage en constante \u00e9volution, o\u00f9 les distances deviennent liens et les regards fa\u00e7onnent l\u2019exp\u00e9rience.<\/em><\/span><\/em><br><em>Une invitation \u00e0 voir autrement \u2014 et \u00e0 faire l\u2019exp\u00e9rience d\u2019un espace partag\u00e9 en transformation. Le regard est en mouvement.<\/em><\/p>\n<\/div>\n<\/div>\n<\/blockquote>\n<\/div><figure class=\"wp-block-media-text__media\"><img fetchpriority=\"high\" decoding=\"async\" width=\"1024\" height=\"576\" src=\"https:\/\/shafak.fr\/wp-content\/uploads\/2026\/04\/vlcsnap-2023-07-20-17h35m08s370-edited-1024x576.png\" alt=\"\" class=\"wp-image-114 size-full\" style=\"object-position:50% 87%\" srcset=\"https:\/\/shafak.fr\/wp-content\/uploads\/2026\/04\/vlcsnap-2023-07-20-17h35m08s370-edited-1024x576.png 1024w, https:\/\/shafak.fr\/wp-content\/uploads\/2026\/04\/vlcsnap-2023-07-20-17h35m08s370-edited-300x169.png 300w, https:\/\/shafak.fr\/wp-content\/uploads\/2026\/04\/vlcsnap-2023-07-20-17h35m08s370-edited-768x432.png 768w, https:\/\/shafak.fr\/wp-content\/uploads\/2026\/04\/vlcsnap-2023-07-20-17h35m08s370-edited.png 1280w\" sizes=\"(max-width: 1024px) 100vw, 1024px\" \/><\/figure><\/div>\n<\/div><\/div>\n<\/div><\/div>\n\n\n\n<p class=\"has-text-align-center\"><strong>Concept<\/strong><br> \u00c0 la crois\u00e9e de la danse, de la musique, du th\u00e9\u00e2tre physique, des formes circassiennes et des arts visuels, le projet se d\u00e9ploie comme un dispositif de cr\u00e9ation in situ : <br>la pi\u00e8ce se construit avec des participants locaux, \u00e0 travers un temps de transmission et de cr\u00e9ation partag\u00e9, en lien direct avec un territoire et ses espaces.<br>Le public n\u2019est plus uniquement spectateur, mais devient partie prenante de la performance.<\/p>\n\n\n\n<div class=\"wp-block-columns is-layout-flex wp-container-core-columns-is-layout-9d6595d7 wp-block-columns-is-layout-flex\">\n<div class=\"wp-block-column is-layout-flow wp-block-column-is-layout-flow\">\n<details class=\"wp-block-details is-layout-flow wp-block-details-is-layout-flow\" style=\"font-size:16px\"><summary>Distribution<\/summary>\n<p>Chor\u00e9graphe, concepteur, metteur en sc\u00e8ne&nbsp;: Larbi Namouchi<br>Compositeur&nbsp;: L\u00e9o Libanga<br>Soutien \u00e0 la coordination &amp; \u00e0 la production&nbsp;: Margot Libanga<br>Interpr\u00e8tes&nbsp;: [Troupe bretonne &#8211; 2023]&nbsp;: Bernadette, Aliz\u00e9e-Marie, L\u00e9a, Emmelyne, Deplhine, Loubna, Audrey, V\u00e9ronique<\/p>\n\n\n\n<p><\/p>\n<\/details>\n<\/div>\n\n\n\n<div class=\"wp-block-column is-layout-flow wp-block-column-is-layout-flow\">\n<details class=\"wp-block-details is-layout-flow wp-block-details-is-layout-flow\" style=\"font-size:16px\"><summary>Partenaires &amp; soutiens<\/summary>\n<p>Partenaires&nbsp;: Et\u00e9 Culturel 2023&nbsp;; Tr\u00e9gueux, Pl\u00e9rin, Binic-Etables-sur-Mer, Ville de Saint-Brieuc, Ville de Lannion, MjC les Tilleuls \u2013 Saint-Etienne, Amicale Cr\u00eat de Roc \u2013 Saint-Etienne, Festival Compl\u00e8tement Gaga \u2013 Saint-Etienne, Cit\u00e9 du Design \u2013 Saint-Etienne M\u00e9tropole <br>Soutiens&nbsp;: Saint-Brieuc Armor Agglom\u00e9ration, R\u00e9gion Bretagne, Caisse des D\u00e9p\u00f4ts M\u00e9c\u00e9nat, Ville de Saint-Brieuc, D\u00e9partement des C\u00f4tes d\u2019Armor<\/p>\n\n\n\n<p><\/p>\n<\/details>\n<\/div>\n<\/div>\n<\/div><\/div>\n\n\n\n<div class=\"wp-block-buttons is-content-justification-center is-layout-flex wp-container-core-buttons-is-layout-16018d1d wp-block-buttons-is-layout-flex\">\n<div class=\"wp-block-button\"><a class=\"wp-block-button__link wp-element-button\" href=\"https:\/\/vimeo.com\/1126148333\">EXTRAIT 2023<\/a><\/div>\n<\/div>\n<\/div><\/div>\n\n\n\n<div style=\"height:35px\" aria-hidden=\"true\" class=\"wp-block-spacer\"><\/div>\n\n\n\n<hr class=\"wp-block-separator has-alpha-channel-opacity\"\/>\n<\/div><\/div>\n<\/div><\/div>\n<\/div><\/div>\n\n\n\n<div class=\"wp-block-group alignwide\"><div class=\"wp-block-group__inner-container is-layout-constrained wp-block-group-is-layout-constrained\">\n<h3 class=\"wp-block-heading has-text-align-center\">Au Bout du Bout<\/h3>\n\n\n\n<div class=\"wp-block-group alignwide\"><div class=\"wp-block-group__inner-container is-layout-constrained wp-block-group-is-layout-constrained\">\n<h4 class=\"wp-block-heading alignwide has-text-align-center\">Laboratoire chor\u00e9graphique parents-enfant | 2024<\/h4>\n\n\n\n<div class=\"wp-block-group alignwide\"><div class=\"wp-block-group__inner-container is-layout-constrained wp-block-group-is-layout-constrained\">\n<div class=\"wp-block-group alignwide\"><div class=\"wp-block-group__inner-container is-layout-constrained wp-block-group-is-layout-constrained\">\n<div class=\"wp-block-group alignwide\"><div class=\"wp-block-group__inner-container is-layout-constrained wp-block-group-is-layout-constrained\">\n<div class=\"wp-block-group alignwide\"><div class=\"wp-block-group__inner-container is-layout-constrained wp-block-group-is-layout-constrained\">\n<div class=\"wp-block-group alignwide\"><div class=\"wp-block-group__inner-container is-layout-constrained wp-block-group-is-layout-constrained\">\n<div style=\"height:24px\" aria-hidden=\"true\" class=\"wp-block-spacer\"><\/div>\n\n\n\n<div class=\"wp-block-media-text alignwide has-media-on-the-right is-stacked-on-mobile is-image-fill-element has-superbfont-medium-font-size\" style=\"border-top-left-radius:0px;border-top-right-radius:0px;border-bottom-left-radius:0px;border-bottom-right-radius:0px;margin-top:0;margin-right:0;margin-bottom:0;margin-left:0;padding-right:0;padding-left:0\"><div class=\"wp-block-media-text__content\">\n<blockquote class=\"wp-block-quote is-layout-flow wp-block-quote-is-layout-flow\">\n<p><span class=\"has-superb-addons-text-align-justify\"><em>Cette exploration interroge des liens forts et f\u00e9briles qui joignent les \u00eatres, dans l\u2019intime,<\/em> <em>comme dans le spectacle. Musique vibrante, voix dissonante, corps rebondissant tant\u00f4t de vitalit\u00e9 tant\u00f4t d\u2019\u00e9puisement ; tous les moyens sont bons pour se retrouver. Deux \u00e2mes ext\u00e9nu\u00e9es, dans leur fatigue, honn\u00eate et commune, trouvent du r\u00e9confort dans leurs pr\u00e9sences. Au plateau, joignant les deux bouts : de l\u2019intime au spectacle, du spectacle aux publics, c\u2019est \u00e0 trois corps que ce jeu se met en sc\u00e8ne.<\/em><\/span><\/p>\n<\/blockquote>\n<\/div><figure class=\"wp-block-media-text__media\"><img decoding=\"async\" width=\"1024\" height=\"673\" src=\"https:\/\/shafak.fr\/wp-content\/uploads\/2026\/04\/Capture-decran-2026-04-25-230208-1024x673.png\" alt=\"\" class=\"wp-image-407 size-medium\" style=\"object-position:50% 50%\" srcset=\"https:\/\/shafak.fr\/wp-content\/uploads\/2026\/04\/Capture-decran-2026-04-25-230208-1024x673.png 1024w, https:\/\/shafak.fr\/wp-content\/uploads\/2026\/04\/Capture-decran-2026-04-25-230208-300x197.png 300w, https:\/\/shafak.fr\/wp-content\/uploads\/2026\/04\/Capture-decran-2026-04-25-230208-768x505.png 768w, https:\/\/shafak.fr\/wp-content\/uploads\/2026\/04\/Capture-decran-2026-04-25-230208.png 1127w\" sizes=\"(max-width: 1024px) 100vw, 1024px\" \/><\/figure><\/div>\n<\/div><\/div>\n<\/div><\/div>\n\n\n\n<div class=\"wp-block-columns is-layout-flex wp-container-core-columns-is-layout-9d6595d7 wp-block-columns-is-layout-flex\">\n<div class=\"wp-block-column is-layout-flow wp-block-column-is-layout-flow\">\n<details class=\"wp-block-details is-layout-flow wp-block-details-is-layout-flow\" style=\"font-size:16px\"><summary>Distribution<\/summary>\n<p>Chor\u00e9graphie, conception, interpr\u00e9tation&nbsp;: Margot Libanga &amp; Larbi Namouchi Muse&nbsp;: Zakia Namouchi<\/p>\n\n\n\n<p><\/p>\n\n\n\n<p><\/p>\n<\/details>\n<\/div>\n\n\n\n<div class=\"wp-block-column is-layout-flow wp-block-column-is-layout-flow\">\n<details class=\"wp-block-details is-layout-flow wp-block-details-is-layout-flow\" style=\"font-size:16px\"><summary>Partenaires &amp; soutiens<\/summary>\n<p>Partenaires&nbsp;: 7Bis et Compagnie \u2013 Saint-Brieuc Armor Agglom\u00e9ration, Dispositif R\u00e9cif \u2013 Karukera Ballet \u2013 Pointe-\u00e0-Pitre <br>Soutien&nbsp;: Saint-Brieuc Armor Agglom\u00e9ration<\/p>\n\n\n\n<p><\/p>\n\n\n\n<p><\/p>\n<\/details>\n<\/div>\n<\/div>\n<\/div><\/div>\n\n\n\n<div class=\"wp-block-buttons is-content-justification-center is-layout-flex wp-container-core-buttons-is-layout-16018d1d wp-block-buttons-is-layout-flex\">\n<div class=\"wp-block-button\"><a class=\"wp-block-button__link wp-element-button\" href=\"https:\/\/vimeo.com\/1060404654\/\">EXTRAIT<\/a><\/div>\n<\/div>\n<\/div><\/div>\n\n\n\n<div style=\"height:16px\" aria-hidden=\"true\" class=\"wp-block-spacer\"><\/div>\n\n\n\n<hr class=\"wp-block-separator has-alpha-channel-opacity\"\/>\n<\/div><\/div>\n<\/div><\/div>\n<\/div><\/div>\n\n\n\n<div class=\"wp-block-group alignwide has-theme-palette-8-background-color has-background\"><div class=\"wp-block-group__inner-container is-layout-constrained wp-block-group-is-layout-constrained\">\n<h3 class=\"wp-block-heading has-text-align-center\">En\/Jeux<\/h3>\n\n\n\n<div class=\"wp-block-group alignwide\"><div class=\"wp-block-group__inner-container is-layout-constrained wp-block-group-is-layout-constrained\">\n<h4 class=\"wp-block-heading alignwide has-text-align-center\">Laboratoire chor\u00e9graphique autours du jeu &#8211; 2022<\/h4>\n\n\n\n<div class=\"wp-block-group alignwide\"><div class=\"wp-block-group__inner-container is-layout-constrained wp-block-group-is-layout-constrained\">\n<div class=\"wp-block-group alignwide\"><div class=\"wp-block-group__inner-container is-layout-constrained wp-block-group-is-layout-constrained\">\n<div class=\"wp-block-group alignwide\"><div class=\"wp-block-group__inner-container is-layout-constrained wp-block-group-is-layout-constrained\">\n<div class=\"wp-block-group alignwide\"><div class=\"wp-block-group__inner-container is-layout-constrained wp-block-group-is-layout-constrained\">\n<div class=\"wp-block-group alignwide\"><div class=\"wp-block-group__inner-container is-layout-constrained wp-block-group-is-layout-constrained\">\n<div style=\"height:24px\" aria-hidden=\"true\" class=\"wp-block-spacer\"><\/div>\n\n\n\n<div class=\"wp-block-media-text alignwide has-media-on-the-right is-stacked-on-mobile is-image-fill-element has-superbfont-medium-font-size\" style=\"border-top-left-radius:0px;border-top-right-radius:0px;border-bottom-left-radius:0px;border-bottom-right-radius:0px;margin-top:0;margin-right:0;margin-bottom:0;margin-left:0;padding-right:0;padding-left:0\"><div class=\"wp-block-media-text__content\">\n<blockquote class=\"wp-block-quote is-layout-flow wp-block-quote-is-layout-flow\">\n<p><span class=\"has-superb-addons-text-align-justify\"><em>En\/Jeux offre un univers vibrant au rythme des \u00e9motions, impulsions des chaos et<\/em> <em>d\u00e9placement des humeurs. Un voyage entre ordinaire et extra quotidien. Explorer la<\/em> <em>notion du jeu, oppose la manifestation individuelle au service du bien commun (ou vice<\/em> <em>versa) et exploite tout le potentiel des interd\u00e9pendances.<\/em><\/span><\/p>\n<\/blockquote>\n<\/div><figure class=\"wp-block-media-text__media\"><img decoding=\"async\" width=\"683\" height=\"1024\" src=\"https:\/\/shafak.fr\/wp-content\/uploads\/2026\/04\/EnJeux-par-Kevin-Lebrun-683x1024.jpg\" alt=\"\" class=\"wp-image-216 size-medium\" style=\"object-position:48% 40%\" srcset=\"https:\/\/shafak.fr\/wp-content\/uploads\/2026\/04\/EnJeux-par-Kevin-Lebrun-683x1024.jpg 683w, https:\/\/shafak.fr\/wp-content\/uploads\/2026\/04\/EnJeux-par-Kevin-Lebrun-200x300.jpg 200w, https:\/\/shafak.fr\/wp-content\/uploads\/2026\/04\/EnJeux-par-Kevin-Lebrun-768x1152.jpg 768w, https:\/\/shafak.fr\/wp-content\/uploads\/2026\/04\/EnJeux-par-Kevin-Lebrun-1024x1536.jpg 1024w, https:\/\/shafak.fr\/wp-content\/uploads\/2026\/04\/EnJeux-par-Kevin-Lebrun-1365x2048.jpg 1365w, https:\/\/shafak.fr\/wp-content\/uploads\/2026\/04\/EnJeux-par-Kevin-Lebrun-scaled.jpg 1707w\" sizes=\"(max-width: 683px) 100vw, 683px\" \/><\/figure><\/div>\n<\/div><\/div>\n<\/div><\/div>\n\n\n\n<div class=\"wp-block-columns is-layout-flex wp-container-core-columns-is-layout-9d6595d7 wp-block-columns-is-layout-flex\">\n<div class=\"wp-block-column is-layout-flow wp-block-column-is-layout-flow\">\n<details class=\"wp-block-details is-layout-flow wp-block-details-is-layout-flow\" style=\"font-size:16px\"><summary>Distribution<\/summary>\n<p>Chor\u00e9graphie, mise en sc\u00e8ne, interpr\u00e9tation&nbsp;: Larbi Namouchi<br>Interpr\u00e9tation, exploration&nbsp;: Anne-Caroline Okr\u00e9tic-Boidin, Jin Sumita<\/p>\n\n\n\n<p><\/p>\n\n\n\n<p><\/p>\n<\/details>\n<\/div>\n\n\n\n<div class=\"wp-block-column is-layout-flow wp-block-column-is-layout-flow\">\n<details class=\"wp-block-details is-layout-flow wp-block-details-is-layout-flow\" style=\"font-size:16px\"><summary>Partenaires<\/summary>\n<p>L\u2019Estran \u2013 Binic-Etables-sur-Mer<\/p>\n\n\n\n<p><\/p>\n\n\n\n<p><\/p>\n<\/details>\n<\/div>\n<\/div>\n<\/div><\/div>\n<\/div><\/div>\n\n\n\n<hr class=\"wp-block-separator has-alpha-channel-opacity\"\/>\n<\/div><\/div>\n<\/div><\/div>\n<\/div><\/div>\n\n\n\n<div style=\"height:100px\" aria-hidden=\"true\" class=\"wp-block-spacer\"><\/div>\n\n\n\n<p class=\"has-text-align-center\"><strong>Photos : <\/strong><em>Point de vue<\/em> : Compagnie Shafak | <em>Au Bout du Bout<\/em> : Jean-Pierre DULLIER | <em>En\/Jeux<\/em> : Kevin Lebrun<\/p>\n\n\n\n<p><\/p>\n","protected":false},"excerpt":{"rendered":"<p>Point de vue Projet chor\u00e9graphique participatif &amp; itin\u00e9rant | 2023-2027 Et si regarder l\u2019autre changeait notre mani\u00e8re d\u2019habiter l\u2019espace ?Dans Point de vue, des corps apparaissent, circulent, se croisent et se transforment dans une dynamique orbitale.Ils gravitent les uns autour des autres, tracent des trajectoires et redessinent en permanence les lignes de l\u2019espace.Pens\u00e9e pour l\u2019espace&#8230;<\/p>\n","protected":false},"author":1,"featured_media":0,"parent":0,"menu_order":0,"comment_status":"closed","ping_status":"closed","template":"","meta":{"_kad_post_transparent":"","_kad_post_title":"","_kad_post_layout":"","_kad_post_sidebar_id":"","_kad_post_content_style":"","_kad_post_vertical_padding":"","_kad_post_feature":"","_kad_post_feature_position":"","_kad_post_header":false,"_kad_post_footer":false,"_kad_post_classname":"","footnotes":""},"class_list":["post-101","page","type-page","status-publish","hentry"],"aioseo_notices":[],"_hostinger_reach_plugin_has_subscription_block":false,"_hostinger_reach_plugin_is_elementor":false,"_links":{"self":[{"href":"https:\/\/shafak.fr\/index.php?rest_route=\/wp\/v2\/pages\/101","targetHints":{"allow":["GET"]}}],"collection":[{"href":"https:\/\/shafak.fr\/index.php?rest_route=\/wp\/v2\/pages"}],"about":[{"href":"https:\/\/shafak.fr\/index.php?rest_route=\/wp\/v2\/types\/page"}],"author":[{"embeddable":true,"href":"https:\/\/shafak.fr\/index.php?rest_route=\/wp\/v2\/users\/1"}],"replies":[{"embeddable":true,"href":"https:\/\/shafak.fr\/index.php?rest_route=%2Fwp%2Fv2%2Fcomments&post=101"}],"version-history":[{"count":19,"href":"https:\/\/shafak.fr\/index.php?rest_route=\/wp\/v2\/pages\/101\/revisions"}],"predecessor-version":[{"id":408,"href":"https:\/\/shafak.fr\/index.php?rest_route=\/wp\/v2\/pages\/101\/revisions\/408"}],"wp:attachment":[{"href":"https:\/\/shafak.fr\/index.php?rest_route=%2Fwp%2Fv2%2Fmedia&parent=101"}],"curies":[{"name":"wp","href":"https:\/\/api.w.org\/{rel}","templated":true}]}}