{"id":183,"date":"2026-04-22T17:13:47","date_gmt":"2026-04-22T17:13:47","guid":{"rendered":"https:\/\/shafak.fr\/?page_id=183"},"modified":"2026-04-27T14:02:27","modified_gmt":"2026-04-27T14:02:27","slug":"accueil","status":"publish","type":"page","link":"https:\/\/shafak.fr\/","title":{"rendered":"Accueil"},"content":{"rendered":"\n<div class=\"wp-block-cover\"><img fetchpriority=\"high\" decoding=\"async\" width=\"683\" height=\"1024\" class=\"wp-block-cover__image-background wp-image-81 size-large\" alt=\"\" src=\"https:\/\/shafak.fr\/wp-content\/uploads\/2026\/04\/DSC_9708-683x1024.jpg\" style=\"object-position:48% 42%\" data-object-fit=\"cover\" data-object-position=\"48% 42%\" srcset=\"https:\/\/shafak.fr\/wp-content\/uploads\/2026\/04\/DSC_9708-683x1024.jpg 683w, https:\/\/shafak.fr\/wp-content\/uploads\/2026\/04\/DSC_9708-200x300.jpg 200w, https:\/\/shafak.fr\/wp-content\/uploads\/2026\/04\/DSC_9708-768x1152.jpg 768w, https:\/\/shafak.fr\/wp-content\/uploads\/2026\/04\/DSC_9708-1024x1536.jpg 1024w, https:\/\/shafak.fr\/wp-content\/uploads\/2026\/04\/DSC_9708-1366x2048.jpg 1366w, https:\/\/shafak.fr\/wp-content\/uploads\/2026\/04\/DSC_9708-scaled.jpg 1707w\" sizes=\"(max-width: 683px) 100vw, 683px\" \/><span aria-hidden=\"true\" class=\"wp-block-cover__background has-background-dim\" style=\"background-color:#140e0c\"><\/span><div class=\"wp-block-cover__inner-container is-layout-constrained wp-block-cover-is-layout-constrained\">\n<blockquote class=\"wp-block-quote is-layout-flow wp-block-quote-is-layout-flow\">\n<h6 class=\"wp-block-heading has-text-align-center has-theme-palette-8-color has-text-color has-link-color has-xxlarge-font-size wp-elements-37929eb995ea5912a622b75781db0a73\"><em>La danse comme territoire de rencontre, <\/em><br><em>de r\u00e9sistance et de transformation<\/em><\/h6>\n<\/blockquote>\n<\/div><\/div>\n\n\n\n<div style=\"height:48px\" aria-hidden=\"true\" class=\"wp-block-spacer\"><\/div>\n\n\n\n<div class=\"wp-block-buttons is-content-justification-center is-layout-flex wp-container-core-buttons-is-layout-16018d1d wp-block-buttons-is-layout-flex\">\n<div class=\"wp-block-button\"><a class=\"wp-block-button__link has-text-align-center wp-element-button\" href=\"https:\/\/shafak.fr\/?page_id=55\">\u00c0 VENIR<\/a><\/div>\n<\/div>\n\n\n\n<div style=\"height:56px\" aria-hidden=\"true\" class=\"wp-block-spacer\"><\/div>\n\n\n\n<div class=\"wp-block-group has-theme-palette-8-background-color has-background\"><div class=\"wp-block-group__inner-container is-layout-constrained wp-block-group-is-layout-constrained\">\n<h2 class=\"wp-block-heading has-text-align-center\">Actualit\u00e9s<\/h2>\n\n\n\n<div class=\"wp-block-columns is-layout-flex wp-container-core-columns-is-layout-9d6595d7 wp-block-columns-is-layout-flex\">\n<div class=\"wp-block-column is-layout-flow wp-block-column-is-layout-flow\">\n<figure class=\"wp-block-image size-large\"><img decoding=\"async\" width=\"784\" height=\"784\" src=\"https:\/\/shafak.fr\/wp-content\/uploads\/2026\/04\/7d4cdd9f-7cd2-46ab-a70f-5396dd75a36e-edited-1.png\" alt=\"\" class=\"wp-image-425\" srcset=\"https:\/\/shafak.fr\/wp-content\/uploads\/2026\/04\/7d4cdd9f-7cd2-46ab-a70f-5396dd75a36e-edited-1.png 784w, https:\/\/shafak.fr\/wp-content\/uploads\/2026\/04\/7d4cdd9f-7cd2-46ab-a70f-5396dd75a36e-edited-1-300x300.png 300w, https:\/\/shafak.fr\/wp-content\/uploads\/2026\/04\/7d4cdd9f-7cd2-46ab-a70f-5396dd75a36e-edited-1-150x150.png 150w, https:\/\/shafak.fr\/wp-content\/uploads\/2026\/04\/7d4cdd9f-7cd2-46ab-a70f-5396dd75a36e-edited-1-768x768.png 768w\" sizes=\"(max-width: 784px) 100vw, 784px\" \/><\/figure>\n\n\n\n<div style=\"height:18px\" aria-hidden=\"true\" class=\"wp-block-spacer\"><\/div>\n\n\n\n<h4 class=\"wp-block-heading has-text-align-center\">Cr\u00e9ation en cours<\/h4>\n\n\n\n<p class=\"has-text-align-center\"><em>Barzakh<\/em><br>Concept et chor\u00e9graphie : <a href=\"https:\/\/shafak.fr\/?page_id=102\" title=\"A propos\">Larbi Namouchi<\/a><\/p>\n<\/div>\n\n\n\n<div class=\"wp-block-column is-layout-flow wp-block-column-is-layout-flow\">\n<figure class=\"wp-block-image size-large\"><img decoding=\"async\" width=\"1024\" height=\"1024\" src=\"https:\/\/shafak.fr\/wp-content\/uploads\/2026\/04\/IMG-20260417-WA0002-1024x1024.jpg\" alt=\"\" class=\"wp-image-304\" srcset=\"https:\/\/shafak.fr\/wp-content\/uploads\/2026\/04\/IMG-20260417-WA0002-1024x1024.jpg 1024w, https:\/\/shafak.fr\/wp-content\/uploads\/2026\/04\/IMG-20260417-WA0002-300x300.jpg 300w, https:\/\/shafak.fr\/wp-content\/uploads\/2026\/04\/IMG-20260417-WA0002-150x150.jpg 150w, https:\/\/shafak.fr\/wp-content\/uploads\/2026\/04\/IMG-20260417-WA0002-768x768.jpg 768w, https:\/\/shafak.fr\/wp-content\/uploads\/2026\/04\/IMG-20260417-WA0002.jpg 1080w\" sizes=\"(max-width: 1024px) 100vw, 1024px\" \/><\/figure>\n\n\n\n<h2 class=\"wp-block-heading has-text-align-center\"><a href=\"https:\/\/festivalcompletementgaga.fr\/programmation-2026\/\" title=\"\">A d\u00e9couvrir<\/a><\/h2>\n\n\n\n<p class=\"has-text-align-center\"><em>Point de vue<\/em> &#8211; projet participatif et itin\u00e9rant, \u00e0 d\u00e9couvrir tout bient\u00f4t lors du Festival Compl\u00e8tement Gaga, \u00e0 Saint-Etienne, le 15 mai.<\/p>\n<\/div>\n\n\n\n<div class=\"wp-block-column is-layout-flow wp-block-column-is-layout-flow\">\n<figure class=\"wp-block-image\"><img loading=\"lazy\" decoding=\"async\" width=\"676\" height=\"676\" src=\"https:\/\/shafak.fr\/wp-content\/uploads\/2026\/04\/Nouvelle-crea-marg-edited.png\" alt=\"\" class=\"wp-image-412\" srcset=\"https:\/\/shafak.fr\/wp-content\/uploads\/2026\/04\/Nouvelle-crea-marg-edited.png 676w, https:\/\/shafak.fr\/wp-content\/uploads\/2026\/04\/Nouvelle-crea-marg-edited-300x300.png 300w, https:\/\/shafak.fr\/wp-content\/uploads\/2026\/04\/Nouvelle-crea-marg-edited-150x150.png 150w\" sizes=\"(max-width: 676px) 100vw, 676px\" \/><\/figure>\n\n\n\n<div style=\"height:14px\" aria-hidden=\"true\" class=\"wp-block-spacer\"><\/div>\n\n\n\n<h4 class=\"wp-block-heading has-text-align-center\">Nouveau projet<\/h4>\n\n\n\n<p class=\"has-text-align-center\">Projet m\u00ealant danse et musique, par <a href=\"https:\/\/shafak.fr\/?page_id=102\" title=\"Margot Libanga\">Margot Libanga<\/a>, en cours d&rsquo;\u00e9criture et recherche.<\/p>\n<\/div>\n<\/div>\n<\/div><\/div>\n\n\n\n<div style=\"height:294px\" aria-hidden=\"true\" class=\"wp-block-spacer\"><\/div>\n\n\n\n<p class=\"has-text-align-right\"><\/p>\n\n\n\n<p><\/p>\n","protected":false},"excerpt":{"rendered":"<p>Actualit\u00e9s Cr\u00e9ation en cours BarzakhConcept et chor\u00e9graphie : Larbi Namouchi A d\u00e9couvrir Point de vue &#8211; projet participatif et itin\u00e9rant, \u00e0 d\u00e9couvrir tout bient\u00f4t lors du Festival Compl\u00e8tement Gaga, \u00e0 Saint-Etienne, le 15 mai. Nouveau projet Projet m\u00ealant danse et musique, par Margot Libanga, en cours d&rsquo;\u00e9criture et recherche.<\/p>\n","protected":false},"author":1,"featured_media":0,"parent":0,"menu_order":0,"comment_status":"closed","ping_status":"closed","template":"","meta":{"_kad_post_transparent":"","_kad_post_title":"","_kad_post_layout":"","_kad_post_sidebar_id":"","_kad_post_content_style":"","_kad_post_vertical_padding":"","_kad_post_feature":"","_kad_post_feature_position":"","_kad_post_header":false,"_kad_post_footer":false,"_kad_post_classname":"","footnotes":""},"class_list":["post-183","page","type-page","status-publish","hentry"],"aioseo_notices":[],"_hostinger_reach_plugin_has_subscription_block":false,"_hostinger_reach_plugin_is_elementor":false,"_links":{"self":[{"href":"https:\/\/shafak.fr\/index.php?rest_route=\/wp\/v2\/pages\/183","targetHints":{"allow":["GET"]}}],"collection":[{"href":"https:\/\/shafak.fr\/index.php?rest_route=\/wp\/v2\/pages"}],"about":[{"href":"https:\/\/shafak.fr\/index.php?rest_route=\/wp\/v2\/types\/page"}],"author":[{"embeddable":true,"href":"https:\/\/shafak.fr\/index.php?rest_route=\/wp\/v2\/users\/1"}],"replies":[{"embeddable":true,"href":"https:\/\/shafak.fr\/index.php?rest_route=%2Fwp%2Fv2%2Fcomments&post=183"}],"version-history":[{"count":13,"href":"https:\/\/shafak.fr\/index.php?rest_route=\/wp\/v2\/pages\/183\/revisions"}],"predecessor-version":[{"id":434,"href":"https:\/\/shafak.fr\/index.php?rest_route=\/wp\/v2\/pages\/183\/revisions\/434"}],"wp:attachment":[{"href":"https:\/\/shafak.fr\/index.php?rest_route=%2Fwp%2Fv2%2Fmedia&parent=183"}],"curies":[{"name":"wp","href":"https:\/\/api.w.org\/{rel}","templated":true}]}}

<div class="wp-block-cover"><img fetchpriority="high" decoding="async" width="683" height="1024" class="wp-block-cover__image-background wp-image-81 size-large" alt="" src="https://shafak.fr/wp-content/uploads/2026/04/DSC_9708-683x1024.jpg" style="object-position:48% 42%" data-object-fit="cover" data-object-position="48% 42%" srcset="https://shafak.fr/wp-content/uploads/2026/04/DSC_9708-683x1024.jpg 683w, https://shafak.fr/wp-content/uploads/2026/04/DSC_9708-200x300.jpg 200w, https://shafak.fr/wp-content/uploads/2026/04/DSC_9708-768x1152.jpg 768w, https://shafak.fr/wp-content/uploads/2026/04/DSC_9708-1024x1536.jpg 1024w, https://shafak.fr/wp-content/uploads/2026/04/DSC_9708-1366x2048.jpg 1366w, https://shafak.fr/wp-content/uploads/2026/04/DSC_9708-scaled.jpg 1707w" sizes="(max-width: 683px) 100vw, 683px" /><span aria-hidden="true" class="wp-block-cover__background has-background-dim" style="background-color:#140e0c"></span><div class="wp-block-cover__inner-container is-layout-constrained wp-block-cover-is-layout-constrained">
<blockquote class="wp-block-quote is-layout-flow wp-block-quote-is-layout-flow">
<h6 class="wp-block-heading has-text-align-center has-theme-palette-8-color has-text-color has-link-color has-xxlarge-font-size wp-elements-37929eb995ea5912a622b75781db0a73"><em>La danse comme territoire de rencontre, </em><br><em>de résistance et de transformation</em></h6>
</blockquote>
</div></div>



<div style="height:48px" aria-hidden="true" class="wp-block-spacer"></div>



<div class="wp-block-buttons is-content-justification-center is-layout-flex wp-container-core-buttons-is-layout-16018d1d wp-block-buttons-is-layout-flex">
<div class="wp-block-button"><a class="wp-block-button__link has-text-align-center wp-element-button" href="https://shafak.fr/?page_id=55">À VENIR</a></div>
</div>



<div style="height:56px" aria-hidden="true" class="wp-block-spacer"></div>



<div class="wp-block-group has-theme-palette-8-background-color has-background"><div class="wp-block-group__inner-container is-layout-constrained wp-block-group-is-layout-constrained">
<h2 class="wp-block-heading has-text-align-center">Actualités</h2>



<div class="wp-block-columns is-layout-flex wp-container-core-columns-is-layout-9d6595d7 wp-block-columns-is-layout-flex">
<div class="wp-block-column is-layout-flow wp-block-column-is-layout-flow">
<figure class="wp-block-image size-large"><img decoding="async" width="784" height="784" src="https://shafak.fr/wp-content/uploads/2026/04/7d4cdd9f-7cd2-46ab-a70f-5396dd75a36e-edited-1.png" alt="" class="wp-image-425" srcset="https://shafak.fr/wp-content/uploads/2026/04/7d4cdd9f-7cd2-46ab-a70f-5396dd75a36e-edited-1.png 784w, https://shafak.fr/wp-content/uploads/2026/04/7d4cdd9f-7cd2-46ab-a70f-5396dd75a36e-edited-1-300x300.png 300w, https://shafak.fr/wp-content/uploads/2026/04/7d4cdd9f-7cd2-46ab-a70f-5396dd75a36e-edited-1-150x150.png 150w, https://shafak.fr/wp-content/uploads/2026/04/7d4cdd9f-7cd2-46ab-a70f-5396dd75a36e-edited-1-768x768.png 768w" sizes="(max-width: 784px) 100vw, 784px" /></figure>



<div style="height:18px" aria-hidden="true" class="wp-block-spacer"></div>



<h4 class="wp-block-heading has-text-align-center">Création en cours</h4>



<p class="has-text-align-center"><em>Barzakh</em><br>Concept et chorégraphie : <a href="https://shafak.fr/?page_id=102" title="A propos">Larbi Namouchi</a></p>
</div>



<div class="wp-block-column is-layout-flow wp-block-column-is-layout-flow">
<figure class="wp-block-image size-large"><img decoding="async" width="1024" height="1024" src="https://shafak.fr/wp-content/uploads/2026/04/IMG-20260417-WA0002-1024x1024.jpg" alt="" class="wp-image-304" srcset="https://shafak.fr/wp-content/uploads/2026/04/IMG-20260417-WA0002-1024x1024.jpg 1024w, https://shafak.fr/wp-content/uploads/2026/04/IMG-20260417-WA0002-300x300.jpg 300w, https://shafak.fr/wp-content/uploads/2026/04/IMG-20260417-WA0002-150x150.jpg 150w, https://shafak.fr/wp-content/uploads/2026/04/IMG-20260417-WA0002-768x768.jpg 768w, https://shafak.fr/wp-content/uploads/2026/04/IMG-20260417-WA0002.jpg 1080w" sizes="(max-width: 1024px) 100vw, 1024px" /></figure>



<h2 class="wp-block-heading has-text-align-center"><a href="https://festivalcompletementgaga.fr/programmation-2026/" title="">A découvrir</a></h2>



<p class="has-text-align-center"><em>Point de vue</em> &#8211; projet participatif et itinérant, à découvrir tout bientôt lors du Festival Complètement Gaga, à Saint-Etienne, le 15 mai.</p>
</div>



<div class="wp-block-column is-layout-flow wp-block-column-is-layout-flow">
<figure class="wp-block-image"><img loading="lazy" decoding="async" width="676" height="676" src="https://shafak.fr/wp-content/uploads/2026/04/Nouvelle-crea-marg-edited.png" alt="" class="wp-image-412" srcset="https://shafak.fr/wp-content/uploads/2026/04/Nouvelle-crea-marg-edited.png 676w, https://shafak.fr/wp-content/uploads/2026/04/Nouvelle-crea-marg-edited-300x300.png 300w, https://shafak.fr/wp-content/uploads/2026/04/Nouvelle-crea-marg-edited-150x150.png 150w" sizes="(max-width: 676px) 100vw, 676px" /></figure>



<div style="height:14px" aria-hidden="true" class="wp-block-spacer"></div>



<h4 class="wp-block-heading has-text-align-center">Nouveau projet</h4>



<p class="has-text-align-center">Projet mêlant danse et musique, par <a href="https://shafak.fr/?page_id=102" title="Margot Libanga">Margot Libanga</a>, en cours d&rsquo;écriture et recherche.</p>
</div>
</div>
</div></div>



<div style="height:294px" aria-hidden="true" class="wp-block-spacer"></div>



<p class="has-text-align-right"></p>



<p></p>

<p>Actualités Création en cours BarzakhConcept et chorégraphie : Larbi Namouchi A découvrir Point de vue &#8211; projet participatif et itinérant, à découvrir tout bientôt lors du Festival Complètement Gaga, à Saint-Etienne, le 15 mai. Nouveau projet Projet mêlant danse et musique, par Margot Libanga, en cours d&rsquo;écriture et recherche.</p>
